t is the tens digit of x?
9
Let j = 911 - 906. Suppose 1643 = 2*t - a, j*t - 12*a = -8*a + 4109. What is the tens digit of t?
2
Suppose 11 = 5*k + 21. What is the tens digit of 5 + (-252)/(2/k)?
5
Let g = 18737 + -1237. What is the hundreds digit of g?
5
Let d(l) = -12*l + 21 - 23 + 240*l**2 + 7*l. What is the hundreds digit of d(-1)?
2
Let n(g) = -g**3 + 15*g**2 + 16*g + 19. Let t be n(16). Let b = t - 54. Let q = 18 - b. What is the units digit of q?
3
Let f(n) be the first derivative of -n**4/4 - 7*n**3 - 19*n**2 - 24*n - 5. What is the tens digit of f(-20)?
3
Suppose 5*c - 13 - 12 = 0. Suppose 0 = 2*o + 5*z - 37, c*o - 124 = 5*z - 7*z. What is the units digit of o?
6
Suppose 4*w = 5*s + w - 67, s = 5*w + 31. Let v(m) = 3*m - 28. What is the units digit of v(s)?
5
Let p(t) = -t**3 - 13*t**2 - 13*t - 12. Let i be p(-12). Suppose -5*k + a + 1348 = i, -4*k - 4*a - 677 + 1741 = 0. What is the tens digit of k?
6
Let p = 109869 + -65369. What is the tens digit of p?
0
What is the units digit of (-54)/(-360)*(-32)/36 - 528428/(-60)?
7
Suppose -25169135 = -413*r - 7659174. What is the ten thousands digit of r?
4
Let s = -3468 - -4153. What is the tens digit of s?
8
Suppose -7914717 = 20*k - 153*k - 509277. What is the hundreds digit of k?
6
Let o be (-9)/2*20/(-30)*20. Suppose 2*c + 4*c = o. Suppose -u = -73 - c. What is the tens digit of u?
8
Suppose -1200 - 1933 = -d. Suppose 0 = -18*r + 6191 + d. What is the tens digit of r?
1
Suppose -z - 144 = -4*i, 60 - 64 = -z. Suppose k + 10 = 6*k. Suppose -h = -k - i. What is the units digit of h?
9
Let c be (-6*(-2)/30)/((-1)/(-10)). Suppose c*f - 2*r = 1676, 0 = 4*f - f - 5*r - 1250. What is the units digit of f?
0
Let x = -1 - 8. Let z be (21/x - -3)*3. Suppose 218 = 3*r + 2*o, z*r = -2*o + 5*o + 128. What is the tens digit of r?
7
Let t(h) = -11*h**3 + 17*h**2 + 22*h + 36. Let u(k) = 3*k**3 - 6*k**2 - 8*k - 12. Let w(o) = 3*t(o) + 8*u(o). What is the units digit of w(-5)?
2
Let z be 11 + -15 + (-1 - 580). Let v = z - -833. Let k = v + -65. What is the tens digit of k?
8
Let t(m) = -2*m**3 - 7*m + 4. What is the thousands digit of t(-16)?
8
Let f(n) = -7*n + 21. Let r be f(-14). Suppose -3*q + 145 + r = 0. What is the units digit of (-1*q)/(2/(-2))?
8
Let v be -1 - (-11061)/6 - (-50)/20. Suppose -5*u - 1324 = -4*q + 561, 4*q + 3*u = v. What is the hundreds digit of q?
4
What is the units digit of -17 - -6 - (-575 + -5)?
9
What is the thousands digit of ((18/15)/(72/120))/(2/8061)?
8
Suppose 53*t - 8*t - 670365 = 0. What is the hundreds digit of t?
8
Suppose -5*s - 75 = 15. Let g(h) = -4*h + 1. Let l(a) = -a + 1. Let k(m) = -g(m) + 6*l(m). What is the units digit of k(s)?
1
What is the thousands digit of 4/(-12) - 3270/18*-56?
0
Suppose 0 = -234*t + 41*t + 1602093. What is the thousands digit of t?
8
What is the thousands digit of 1/6 + (-1376165)/(-42)?
2
Let v = -245 - -309. Suppose 121 + v = o. What is the hundreds digit of o?
1
Suppose 75545 = 5*v - 61165. What is the hundreds digit of v?
3
Let k = 685 - 707. What is the units digit of (-24605)/(-1045) + 12/k?
3
Suppose -4374 = -3*a - 2*k + 4554, -2*a = 4*k - 5952. Suppose 9984 + a = 10*i. What is the tens digit of i?
9
Let q(t) = -13*t**3 + 4*t**2 + 3*t - 2. Let z be q(-2). Suppose z - 2262 = -2*d. What is the tens digit of d?
7
What is the units digit of 3 - (2 + -30713) - (12 - 1)?
3
Suppose 0 = i + 3*j - 14375, j = 363*i - 366*i + 43181. What is the units digit of i?
6
Suppose -4*l + 7*l + 3*t = 0, 2*t + 2 = -4*l. Let y = 63 - l. What is the units digit of y?
4
Let i(v) = v**3 - 14*v**2 - 31*v + 42. What is the units digit of i(19)?
8
Let s(q) be the second derivative of 17*q**3/6 - 43*q**2/2 + 2*q + 2. Let u be s(-11). Let c = u + 509. What is the tens digit of c?
7
Let h = 519 + -530. Let b(k) = 15*k + 207. What is the units digit of b(h)?
2
Let g(s) = -s**2 - 8*s + 19. Let x be g(-9). Suppose x*p + 336 = 17*p. What is the tens digit of p?
4
Suppose -2*v - o + 4 + 3 = 0, 2*v - 4*o - 22 = 0. Suppose -3*z - 240 + 1598 = v*k, -1359 = -5*k - 4*z. Let j = -130 + k. What is the tens digit of j?
4
Let o(i) = -50*i**3 - 26*i**2 - 123*i + 52. What is the hundreds digit of o(-9)?
5
Suppose 3*u + 14 = -1. Let a(w) = 458*w + 6 - 909*w - 2*w**3 - 8*w**2 + 446*w. What is the tens digit of a(u)?
8
Suppose -4035472 = -2*l - 237*l - 35*l. What is the units digit of l?
8
Let u(l) = -l**2 + 12*l - 29. Let y be u(4). Suppose -y*a + 861 = 3*m, -m - 44 = -42. What is the units digit of a?
9
Let t(y) = 15*y**2 - 60*y - 200. Let l be t(-3). Suppose 0*k + 29 = -5*r + 2*k, -6 = 3*r - 5*k. What is the tens digit of (r + 4 + 1)*(1 - l)?
2
Suppose 5904 = s + 2*s + 5*i, 3*s = -4*i + 5904. Let h = -1397 + s. What is the hundreds digit of h?
5
Suppose -3*a - g = -22, -2*a = g - 4*g. Suppose -a*f + 4*f + 10 = 0. What is the units digit of f?
5
Let o(i) be the third derivative of -i**4/12 + 4*i**3 + i**2. Suppose -55*m + 5 = -56*m - 2*b, 5*b = -2*m - 7. What is the units digit of o(m)?
6
What is the tens digit of -2 - ((-218817)/15 - (-21)/(-105))?
8
Let c = -4594 - -80934. What is the units digit of c?
0
Let c(v) = -v. Let z(s) = 35*s**2 - 2*s + 2. Let i(g) = -6*c(g) + z(g). Let x be i(-2). Let q = x - 78. What is the tens digit of q?
5
Suppose 0 = -4*k + 5*s + 9770, -4886 = -2*k + 10*s - 7*s. Suppose -3*g - 5*g = -k. What is the hundreds digit of g?
3
Suppose 3*f + 4*s - 3*s + 30 = 0, -s + 30 = -3*f. Let p = f - -58. Let v = p + 128. What is the units digit of v?
6
Suppose 2*p + 2*v - 119864 = 0, -p - 5*v + 59932 = -0*p. What is the units digit of p?
2
Suppose -3*v - 6*i = -4*i - 4119, 0 = -4*v - 2*i + 5492. Suppose 4*u + 362 = -5*a + v, -1236 = -5*u + 3*a. What is the hundreds digit of u?
2
What is the thousands digit of 73088/(-2)*(-8)/16 - -2?
8
Suppose -88 = -2*i - 4*l, 3*i - 195 = -3*l - 63. Suppose -42*n + i*n = 530. What is the hundreds digit of n?
2
Suppose 0 = t - 69 + 75. What is the hundreds digit of 317*(4/(-12) - 8/t)?
3
Let g be (56/(-24))/((-1389)/693 + 2). Let a = g - 46. What is the units digit of a?
3
Let j = -8637 + 14596. What is the hundreds digit of j?
9
Let u(w) = 2*w + 29. Let q be u(-13). Suppose -q*r = -0*r - 3. What is the units digit of (-25)/((2 + -3)/r)?
5
Let z = -10380 + 13173. What is the hundreds digit of z?
7
Let g(b) = -289*b**3 - 15*b**2 - 5*b - 1. What is the thousands digit of g(-3)?
7
Let d = -64 + 85. Let v(y) = -y**3 + 21*y**2 + y - 19. Let f be v(d). Suppose 2*n - f*k = 364, -9*n + 4*n = -3*k - 920. What is the units digit of n?
7
Let h(x) = x**2 - 6*x + 2. Let u be h(0). Suppose 16*j - 2716 = u*j. What is the units digit of j?
4
Let j(g) = 1350*g**2 - 84*g + 81. What is the units digit of j(7)?
3
Let m(i) = -2*i**2 - 18*i - 4. Suppose -9 - 18 = 5*c + h, 0 = c + h + 7. Let x(d) = 5*d + 17. Let o be x(c). What is the units digit of m(o)?
2
Let y(b) = 32*b - 29 + 37*b - 89*b + 28*b. Let o(c) = 9*c - 30. Let l(r) = -4*o(r) + 5*y(r). What is the units digit of l(9)?
1
Let w be 5*2*-2*(-2)/(-4). What is the tens digit of (136/6)/(w/(-30))?
6
Let z(y) = 799*y + 168. What is the thousands digit of z(9)?
7
Suppose -27*m - 793182 = -53*m. What is the tens digit of m?
0
Let q(x) = -x**2 - 2*x + 793. Let p be q(0). Let i = p + -519. What is the hundreds digit of i?
2
Suppose 2*u = a - 814 + 27061, 0 = -5*a - 15. Suppose 0 = 17*d + 3500 - u. What is the tens digit of d?
6
Suppose -604479 - 622929 = 1329*l - 1345*l. What is the hundreds digit of l?
7
Let a(z) = z**3 - 8*z**2 + 11*z - 5. Let y = -43 + 50. Suppose -2*f + 3*f = y. What is the units digit of a(f)?
3
Let m(d) = -7*d**2 - 45*d. Let z be m(-6). Suppose -6*p = -z*p + 5604. What is the hundreds digit of p?
4
Let f = 35 + -32. Suppose f*p - 52 = -p. Let c(u) = u**3 - 13*u**2 + 7. What is the units digit of c(p)?
7
Let x = 17242 + 2980. What is the units digit of x?
2
Suppose 0 = -84*y + 298051 + 21569. What is the units digit of y?
5
Let j(d) = d + 22. Let q be j(-23). Let r(h) = -146*h**3 + 6*h**2 - 1. What is the tens digit of r(q)?
5
Let w(r) = -144*r - 24. Let q be w(-6). What is the hundreds digit of (-5 - -3)/(3/q*-2)?
2
Let u(y) be the third derivative of y**4/12 + 43*y**3/2 + 2*y**2 - 8. What is the units digit of u(-22)?
5
Let p(q) = -q**2 - 39*q - 34. Let i be p(-24). Let u 